{"id":674,"date":"2021-07-27T10:59:37","date_gmt":"2021-07-27T08:59:37","guid":{"rendered":"https:\/\/www.mobilnikoutky.cz\/?post_type=product&#038;p=674"},"modified":"2026-04-15T08:42:11","modified_gmt":"2026-04-15T06:42:11","slug":"dekoracni-polstarky","status":"publish","type":"product","link":"https:\/\/www.mobilnikoutky.cz\/index.php\/produkt\/dekoracni-polstarky\/","title":{"rendered":"Dekora\u010dn\u00ed pol\u0161t\u00e1\u0159 TURILL"},"content":{"rendered":"","protected":false},"excerpt":{"rendered":"<div class=\"range-revamp-product-details__container\">\n<p data-pm-slice=\"1 1 []\">Uveden\u00e1 cena je za d\u00e9lku pron\u00e1jmu do 5 dn\u016f.<\/p>\n<ul>\n<li class=\"range-revamp-product-details__section\"><span class=\"range-revamp-product-details__header\"><span class=\"range-revamp-product-details__paragraph\">Barva: b\u00edl\u00e1\/\u010dern\u00e1<\/span><\/span><\/li>\n<li class=\"range-revamp-product-details__section\"><span class=\"range-revamp-product-details__header\"><span class=\"range-revamp-product-details__paragraph\">Rozm\u011bry: 40&#215;40 cm<\/span><\/span><\/li>\n<li class=\"range-revamp-product-details__section\"><span class=\"range-revamp-product-details__header\"><span class=\"range-revamp-product-details__paragraph\">Potah je jemn\u00fd k poko\u017ece, proto\u017ee je vyroben z mikrovl\u00e1kna.<\/span><\/span><\/li>\n<li class=\"range-revamp-product-details__section\"><span class=\"range-revamp-product-details__header\">Potah pol\u0161t\u00e1\u0159e: <\/span><span class=\"range-revamp-product-details__label\">100 % polyester<\/span><\/li>\n<li class=\"range-revamp-product-details__section\"><span class=\"range-revamp-product-details__header\">V\u00fdpl\u0148: <\/span><span class=\"range-revamp-product-details__label\">100 % polyester \u2013 dut\u00e9 vl\u00e1kno (100% recyklovan\u00e9)<\/span><\/li>\n<\/ul>\n<\/div>\n","protected":false},"featured_media":676,"comment_status":"open","ping_status":"closed","template":"","meta":{"_monsterinsights_skip_tracking":false,"_monsterinsights_sitenote_active":false,"_monsterinsights_sitenote_note":"","_monsterinsights_sitenote_category":0},"product_brand":[],"product_cat":[19],"product_tag":[75,115,160,73,74],"class_list":{"0":"post-674","1":"product","2":"type-product","3":"status-publish","4":"has-post-thumbnail","6":"product_cat-relaxacni-zona","7":"product_tag-odpocinek","8":"product_tag-polstar","9":"product_tag-polstarek","10":"product_tag-posezeni","11":"product_tag-relax","13":"first","14":"instock","15":"taxable","16":"shipping-taxable","17":"purchasable","18":"product-type-simple"},"aioseo_notices":[],"_links":{"self":[{"href":"https:\/\/www.mobilnikoutky.cz\/index.php\/wp-json\/wp\/v2\/product\/674","targetHints":{"allow":["GET"]}}],"collection":[{"href":"https:\/\/www.mobilnikoutky.cz\/index.php\/wp-json\/wp\/v2\/product"}],"about":[{"href":"https:\/\/www.mobilnikoutky.cz\/index.php\/wp-json\/wp\/v2\/types\/product"}],"replies":[{"embeddable":true,"href":"https:\/\/www.mobilnikoutky.cz\/index.php\/wp-json\/wp\/v2\/comments?post=674"}],"wp:featuredmedia":[{"embeddable":true,"href":"https:\/\/www.mobilnikoutky.cz\/index.php\/wp-json\/wp\/v2\/media\/676"}],"wp:attachment":[{"href":"https:\/\/www.mobilnikoutky.cz\/index.php\/wp-json\/wp\/v2\/media?parent=674"}],"wp:term":[{"taxonomy":"product_brand","embeddable":true,"href":"https:\/\/www.mobilnikoutky.cz\/index.php\/wp-json\/wp\/v2\/product_brand?post=674"},{"taxonomy":"product_cat","embeddable":true,"href":"https:\/\/www.mobilnikoutky.cz\/index.php\/wp-json\/wp\/v2\/product_cat?post=674"},{"taxonomy":"product_tag","embeddable":true,"href":"https:\/\/www.mobilnikoutky.cz\/index.php\/wp-json\/wp\/v2\/product_tag?post=674"}],"curies":[{"name":"wp","href":"https:\/\/api.w.org\/{rel}","templated":true}]}}