{"id":420,"date":"2018-01-19T09:48:16","date_gmt":"2018-01-19T08:48:16","guid":{"rendered":"http:\/\/www.mobilnikoutky.cz\/?post_type=product&#038;p=420"},"modified":"2026-04-15T08:51:15","modified_gmt":"2026-04-15T06:51:15","slug":"sada-na-lukostrelbu-softarchery","status":"publish","type":"product","link":"https:\/\/www.mobilnikoutky.cz\/index.php\/produkt\/sada-na-lukostrelbu-softarchery\/","title":{"rendered":"Sada na lukost\u0159elbu"},"content":{"rendered":"<p>Sada pro bezpe\u010dnou lukost\u0159elbu. Ur\u010deno pro u\u017eivatele od 8 let na za\u010d\u00e1tky s rekrea\u010dn\u00ed lukost\u0159elbou 5 a\u017e 10 m. Pro prav\u00e1ky i lev\u00e1ky. Slo\u017een\u00fd luk: v\u00fd\u0161ka 136 cm. Vzd\u00e1lenost t\u011btivy od luku: 17,5 cm. Tiller na nule (17 cm nad a pod rukojet\u00ed). Nap\u00ednac\u00ed s\u00edla 20 lb a propnut\u00ed o 26 cm.<\/p>\n<p>Aktu\u00e1ln\u011b k dispozici 2 sady v zelen\u00e9 variant\u011b.<\/p>\n","protected":false},"excerpt":{"rendered":"<p data-pm-slice=\"1 1 []\">Uveden\u00e1 cena je za d\u00e9lku pron\u00e1jmu do 5 dn\u016f.<\/p>\n","protected":false},"featured_media":399,"comment_status":"open","ping_status":"closed","template":"","meta":{"_monsterinsights_skip_tracking":false,"_monsterinsights_sitenote_active":false,"_monsterinsights_sitenote_note":"","_monsterinsights_sitenote_category":0},"product_brand":[],"product_cat":[25],"product_tag":[103,105,184,182,185,181,183,104],"class_list":{"0":"post-420","1":"product","2":"type-product","3":"status-publish","4":"has-post-thumbnail","6":"product_cat-ostatni","7":"product_tag-hra","8":"product_tag-hry","9":"product_tag-luk","10":"product_tag-lukostrelba","11":"product_tag-sip","12":"product_tag-sport","13":"product_tag-terc","14":"product_tag-zabava","16":"first","17":"instock","18":"taxable","19":"shipping-taxable","20":"purchasable","21":"product-type-simple"},"aioseo_notices":[],"_links":{"self":[{"href":"https:\/\/www.mobilnikoutky.cz\/index.php\/wp-json\/wp\/v2\/product\/420","targetHints":{"allow":["GET"]}}],"collection":[{"href":"https:\/\/www.mobilnikoutky.cz\/index.php\/wp-json\/wp\/v2\/product"}],"about":[{"href":"https:\/\/www.mobilnikoutky.cz\/index.php\/wp-json\/wp\/v2\/types\/product"}],"replies":[{"embeddable":true,"href":"https:\/\/www.mobilnikoutky.cz\/index.php\/wp-json\/wp\/v2\/comments?post=420"}],"wp:featuredmedia":[{"embeddable":true,"href":"https:\/\/www.mobilnikoutky.cz\/index.php\/wp-json\/wp\/v2\/media\/399"}],"wp:attachment":[{"href":"https:\/\/www.mobilnikoutky.cz\/index.php\/wp-json\/wp\/v2\/media?parent=420"}],"wp:term":[{"taxonomy":"product_brand","embeddable":true,"href":"https:\/\/www.mobilnikoutky.cz\/index.php\/wp-json\/wp\/v2\/product_brand?post=420"},{"taxonomy":"product_cat","embeddable":true,"href":"https:\/\/www.mobilnikoutky.cz\/index.php\/wp-json\/wp\/v2\/product_cat?post=420"},{"taxonomy":"product_tag","embeddable":true,"href":"https:\/\/www.mobilnikoutky.cz\/index.php\/wp-json\/wp\/v2\/product_tag?post=420"}],"curies":[{"name":"wp","href":"https:\/\/api.w.org\/{rel}","templated":true}]}}