{"id":387,"date":"2018-01-18T10:51:19","date_gmt":"2018-01-18T09:51:19","guid":{"rendered":"http:\/\/www.mobilnikoutky.cz\/?post_type=product&#038;p=387"},"modified":"2026-04-15T08:54:30","modified_gmt":"2026-04-15T06:54:30","slug":"minisedaci-vak-tuli-sleepig-mini","status":"publish","type":"product","link":"https:\/\/www.mobilnikoutky.cz\/index.php\/produkt\/minisedaci-vak-tuli-sleepig-mini\/","title":{"rendered":"Minisedac\u00ed vak Tuli &#8211; SleePig Mini"},"content":{"rendered":"<p>Nov\u00e9 minipras\u00e1tko m\u016f\u017ee b\u00fdt \u010d\u00edmkoli &#8211; hra\u010dkou, pol\u0161t\u00e1\u0159kem anebo nejlep\u0161\u00edm kamar\u00e1dem Va\u0161ich d\u011bt\u00ed. Snese tulen\u00ed, obj\u00edm\u00e1n\u00ed, oby\u010dejn\u00e9 sezen\u00ed, ale i bl\u00e1zniv\u00e9 dov\u00e1d\u011bn\u00ed. Nejmen\u0161\u00ed se s n\u00edm vy\u0159\u00e1d\u00ed, anebo si spolu s n\u00edm zd\u0159\u00edmnou. Pras\u00e1tko je lehou\u010dk\u00e9, vypln\u011bn\u00e9 polystyr\u00e9nem a mimo \u010dum\u00e1\u010dku a ou\u0161ek m\u00e1 i oc\u00e1sek. Je dostupn\u00e9 v polystyrenov\u00e9 l\u00e1tce v zelen\u00e9 \u010di r\u016f\u017eov\u00e9 barv\u011b.<\/p>\n<p>K dispozici:<\/p>\n<ul>\n<li>3 kusy zelen\u00e9<\/li>\n<li>3 kusy r\u016f\u017eov\u00e9<\/li>\n<\/ul>\n","protected":false},"excerpt":{"rendered":"<p data-pm-slice=\"1 1 []\">Uveden\u00e1 cena je za d\u00e9lku pron\u00e1jmu do 5 dn\u016f.<\/p>\n","protected":false},"featured_media":359,"comment_status":"open","ping_status":"closed","template":"","meta":{"_monsterinsights_skip_tracking":false,"_monsterinsights_sitenote_active":false,"_monsterinsights_sitenote_note":"","_monsterinsights_sitenote_category":0},"product_brand":[],"product_cat":[20,19],"product_tag":[75,73,74,31,29,30],"class_list":{"0":"post-387","1":"product","2":"type-product","3":"status-publish","4":"has-post-thumbnail","6":"product_cat-herni-zona","7":"product_cat-relaxacni-zona","8":"product_tag-odpocinek","9":"product_tag-posezeni","10":"product_tag-relax","11":"product_tag-sedaci-vak","12":"product_tag-tuli","13":"product_tag-vak","15":"first","16":"instock","17":"taxable","18":"shipping-taxable","19":"purchasable","20":"product-type-simple"},"aioseo_notices":[],"_links":{"self":[{"href":"https:\/\/www.mobilnikoutky.cz\/index.php\/wp-json\/wp\/v2\/product\/387","targetHints":{"allow":["GET"]}}],"collection":[{"href":"https:\/\/www.mobilnikoutky.cz\/index.php\/wp-json\/wp\/v2\/product"}],"about":[{"href":"https:\/\/www.mobilnikoutky.cz\/index.php\/wp-json\/wp\/v2\/types\/product"}],"replies":[{"embeddable":true,"href":"https:\/\/www.mobilnikoutky.cz\/index.php\/wp-json\/wp\/v2\/comments?post=387"}],"wp:featuredmedia":[{"embeddable":true,"href":"https:\/\/www.mobilnikoutky.cz\/index.php\/wp-json\/wp\/v2\/media\/359"}],"wp:attachment":[{"href":"https:\/\/www.mobilnikoutky.cz\/index.php\/wp-json\/wp\/v2\/media?parent=387"}],"wp:term":[{"taxonomy":"product_brand","embeddable":true,"href":"https:\/\/www.mobilnikoutky.cz\/index.php\/wp-json\/wp\/v2\/product_brand?post=387"},{"taxonomy":"product_cat","embeddable":true,"href":"https:\/\/www.mobilnikoutky.cz\/index.php\/wp-json\/wp\/v2\/product_cat?post=387"},{"taxonomy":"product_tag","embeddable":true,"href":"https:\/\/www.mobilnikoutky.cz\/index.php\/wp-json\/wp\/v2\/product_tag?post=387"}],"curies":[{"name":"wp","href":"https:\/\/api.w.org\/{rel}","templated":true}]}}

Minisedací vak Tuli &#8211; SleePig Mini

<p>Nové miniprasátko může být čímkoli &#8211; hračkou, polštářkem anebo nejlepším kamarádem Vašich dětí. Snese tulení, objímání, obyčejné sezení, ale i bláznivé dovádění. Nejmenší se s ním vyřádí, anebo si spolu s ním zdřímnou. Prasátko je lehoučké, vyplněné polystyrénem a mimo čumáčku a oušek má i ocásek. Je dostupné v polystyrenové látce v zelené či růžové barvě.</p>
<p>K dispozici:</p>
<ul>
<li>3 kusy zelené</li>
<li>3 kusy růžové</li>
</ul>

<p data-pm-slice="1 1 []">Uvedená cena je za délku pronájmu do 5 dnů.</p>
