{"id":234,"date":"2018-01-17T11:26:01","date_gmt":"2018-01-17T10:26:01","guid":{"rendered":"http:\/\/www.mobilnikoutky.cz\/index.php\/produkt\/kojenecky-vak\/"},"modified":"2026-04-15T09:02:07","modified_gmt":"2026-04-15T07:02:07","slug":"kojenecky-vak","status":"publish","type":"product","link":"https:\/\/www.mobilnikoutky.cz\/index.php\/produkt\/kojenecky-vak\/","title":{"rendered":"Kojeneck\u00fd vak"},"content":{"rendered":"<p>Kojeneck\u00fd pol\u0161t\u00e1\u0159\/polohovac\u00ed vak\/pel\u00ed\u0161ek pro miminko<\/p>\n<p>Tento pel\u00ed\u0161ek p\u0159isp\u011bje ke zklidn\u011bn\u00ed hyperaktivn\u00edch d\u011bt\u00ed. D\u00edky p\u0159\u00edtomn\u00e9mu unik\u00e1tn\u00edmu bezpe\u010dnostn\u00edmu p\u00e1su, kter\u00fd lze p\u0159ipnout nebo odepnout dle pot\u0159eby, se zabra\u0148uje spadnut\u00ed miminka. Pro v\u011bt\u0161\u00ed d\u011bti slou\u017e\u00ed jako sedac\u00ed vak k odpo\u010dinku a relaxaci. Uvnit\u0159 jsou EPS kuli\u010dky a mikroperly o velikosti 1 \u2013 3 mm. R\u016fzn\u00e9 motivy.<\/p>\n<p>K dispozici 2 kusy<\/p>\n","protected":false},"excerpt":{"rendered":"<p data-pm-slice=\"1 1 []\">Uveden\u00e1 cena je za d\u00e9lku pron\u00e1jmu do 5 dn\u016f.<\/p>\n","protected":false},"featured_media":286,"comment_status":"open","ping_status":"closed","template":"","meta":{"_monsterinsights_skip_tracking":false,"_monsterinsights_sitenote_active":false,"_monsterinsights_sitenote_note":"","_monsterinsights_sitenote_category":0},"product_brand":[],"product_cat":[16],"product_tag":[119,120,118,117,116,115,121,122,30],"class_list":{"0":"post-234","1":"product","2":"type-product","3":"status-publish","4":"has-post-thumbnail","6":"product_cat-kojici-koutek","7":"product_tag-kojici","8":"product_tag-kojit","9":"product_tag-miminko","10":"product_tag-mimino","11":"product_tag-pelisek","12":"product_tag-polstar","13":"product_tag-prebalovani","14":"product_tag-prebalovat","15":"product_tag-vak","17":"first","18":"instock","19":"taxable","20":"shipping-taxable","21":"purchasable","22":"product-type-simple"},"aioseo_notices":[],"_links":{"self":[{"href":"https:\/\/www.mobilnikoutky.cz\/index.php\/wp-json\/wp\/v2\/product\/234","targetHints":{"allow":["GET"]}}],"collection":[{"href":"https:\/\/www.mobilnikoutky.cz\/index.php\/wp-json\/wp\/v2\/product"}],"about":[{"href":"https:\/\/www.mobilnikoutky.cz\/index.php\/wp-json\/wp\/v2\/types\/product"}],"replies":[{"embeddable":true,"href":"https:\/\/www.mobilnikoutky.cz\/index.php\/wp-json\/wp\/v2\/comments?post=234"}],"wp:featuredmedia":[{"embeddable":true,"href":"https:\/\/www.mobilnikoutky.cz\/index.php\/wp-json\/wp\/v2\/media\/286"}],"wp:attachment":[{"href":"https:\/\/www.mobilnikoutky.cz\/index.php\/wp-json\/wp\/v2\/media?parent=234"}],"wp:term":[{"taxonomy":"product_brand","embeddable":true,"href":"https:\/\/www.mobilnikoutky.cz\/index.php\/wp-json\/wp\/v2\/product_brand?post=234"},{"taxonomy":"product_cat","embeddable":true,"href":"https:\/\/www.mobilnikoutky.cz\/index.php\/wp-json\/wp\/v2\/product_cat?post=234"},{"taxonomy":"product_tag","embeddable":true,"href":"https:\/\/www.mobilnikoutky.cz\/index.php\/wp-json\/wp\/v2\/product_tag?post=234"}],"curies":[{"name":"wp","href":"https:\/\/api.w.org\/{rel}","templated":true}]}}