{"id":218,"date":"2018-01-17T11:25:51","date_gmt":"2018-01-17T10:25:51","guid":{"rendered":"http:\/\/www.mobilnikoutky.cz\/index.php\/produkt\/houpaci-prkno-utukutu\/"},"modified":"2026-04-15T09:50:48","modified_gmt":"2026-04-15T07:50:48","slug":"houpaci-prkno-utukutu","status":"publish","type":"product","link":"https:\/\/www.mobilnikoutky.cz\/index.php\/produkt\/houpaci-prkno-utukutu\/","title":{"rendered":"Houpac\u00ed prkno UTUKUTU"},"content":{"rendered":"<p>S balan\u010dn\u00edm prknem UTUKUTU d\u011bti procvi\u010duj\u00ed stabilitu a obratnost, posiluj\u00ed svaly a rozv\u00edj\u00ed jemnou i hrubou motoriku, ale hlavn\u011b se dob\u0159e a na dlouho zabav\u00ed. Kdy\u017e se zrovna nehoupou, neklou\u017eou, nesed\u00ed na n\u011bm nebo z n\u011bj naopak nemaj\u00ed stole\u010dek, m\u016f\u017eou se za n\u011bj schovat, podl\u00e9zat ho, pou\u017e\u00edt jako prodejn\u00ed pult, dr\u00e1hu pro aut\u00ed\u010dka nebo dome\u010dek pro panenky. Ale to jsou jen p\u0159\u00edklady, kter\u00e9 napadnou n\u00e1s, dosp\u011bl\u00e1ky. D\u011bti toho vymysl\u00ed je\u0161t\u011b spoustu. Nechte se p\u0159ekvapit. Houpac\u00ed prkno UTUKUTU je ale tak\u00e9 elegantn\u00ed bytov\u00fd dopln\u011bk, kter\u00fd obohat\u00ed jak\u00fdkoli interi\u00e9r. Vybrat si m\u016f\u017eete z mnoha barevn\u00fdch odst\u00edn\u016f dle sv\u00e9 pohovky nebo n\u00e1lady. Materi\u00e1l: vrstven\u00e9 bukov\u00e9 d\u0159evo s jedine\u010dnou p\u0159\u00edrodn\u00ed kresbou.<\/p>\n<ul>\n<li>Barva: p\u0159\u00edrodn\u00ed d\u0159ev\u011bn\u00e1, duhov\u00e1<\/li>\n<li>Materi\u00e1l: d\u0159evo<\/li>\n<li>Rozm\u011bry: 80 \u00d7 30 cm<\/li>\n<li>Nosnost: 200 kg<\/li>\n<li>K dispozici 2 kusy (1\u00d7 p\u0159\u00edrodn\u00ed, 1\u00d7 duhov\u00e1)<\/li>\n<\/ul>\n","protected":false},"excerpt":{"rendered":"<p>Uveden\u00e1 cena je za d\u00e9lku pron\u00e1jmu do 5 dn\u016f.<\/p>\n","protected":false},"featured_media":334,"comment_status":"open","ping_status":"closed","template":"","meta":{"_monsterinsights_skip_tracking":false,"_monsterinsights_sitenote_active":false,"_monsterinsights_sitenote_note":"","_monsterinsights_sitenote_category":0},"product_brand":[],"product_cat":[20],"product_tag":[36,103,105,151,152,104],"class_list":{"0":"post-218","1":"product","2":"type-product","3":"status-publish","4":"has-post-thumbnail","6":"product_cat-herni-zona","7":"product_tag-houpacka","8":"product_tag-hra","9":"product_tag-hry","10":"product_tag-prkno","11":"product_tag-utukutu","12":"product_tag-zabava","14":"first","15":"instock","16":"taxable","17":"shipping-taxable","18":"purchasable","19":"product-type-simple"},"aioseo_notices":[],"_links":{"self":[{"href":"https:\/\/www.mobilnikoutky.cz\/index.php\/wp-json\/wp\/v2\/product\/218","targetHints":{"allow":["GET"]}}],"collection":[{"href":"https:\/\/www.mobilnikoutky.cz\/index.php\/wp-json\/wp\/v2\/product"}],"about":[{"href":"https:\/\/www.mobilnikoutky.cz\/index.php\/wp-json\/wp\/v2\/types\/product"}],"replies":[{"embeddable":true,"href":"https:\/\/www.mobilnikoutky.cz\/index.php\/wp-json\/wp\/v2\/comments?post=218"}],"wp:featuredmedia":[{"embeddable":true,"href":"https:\/\/www.mobilnikoutky.cz\/index.php\/wp-json\/wp\/v2\/media\/334"}],"wp:attachment":[{"href":"https:\/\/www.mobilnikoutky.cz\/index.php\/wp-json\/wp\/v2\/media?parent=218"}],"wp:term":[{"taxonomy":"product_brand","embeddable":true,"href":"https:\/\/www.mobilnikoutky.cz\/index.php\/wp-json\/wp\/v2\/product_brand?post=218"},{"taxonomy":"product_cat","embeddable":true,"href":"https:\/\/www.mobilnikoutky.cz\/index.php\/wp-json\/wp\/v2\/product_cat?post=218"},{"taxonomy":"product_tag","embeddable":true,"href":"https:\/\/www.mobilnikoutky.cz\/index.php\/wp-json\/wp\/v2\/product_tag?post=218"}],"curies":[{"name":"wp","href":"https:\/\/api.w.org\/{rel}","templated":true}]}}