{"id":7,"date":"2017-05-29T10:05:40","date_gmt":"2017-05-29T08:05:40","guid":{"rendered":"http:\/\/www.mobilnikoutky.cz\/?page_id=7"},"modified":"2022-05-10T11:57:46","modified_gmt":"2022-05-10T09:57:46","slug":"pronajem-vybaveni","status":"publish","type":"page","link":"https:\/\/www.mobilnikoutky.cz\/index.php\/pronajem-vybaveni\/","title":{"rendered":"O Baby Office"},"content":{"rendered":"<p>Eventov\u00e1 agentura <a href=\"https:\/\/www.babyoffice.cz\/kdo-jsme\/eventova-agentura-zamerena-na-deti-a-rodice\/\">Baby Office<\/a> je zam\u011b\u0159ena na po\u0159\u00e1d\u00e1n\u00ed skv\u011bl\u00fdch akc\u00ed pro d\u011bti a rodi\u010de. Fungujeme ji\u017e od roku 2013 a m\u00e1me za sebou tis\u00edce \u00fasp\u011b\u0161n\u00fdch akc\u00ed a stovky spokojen\u00fdch klient\u016f.<\/p>\n<h2>Co konkr\u00e9tn\u011b d\u011bl\u00e1me?<\/h2>\n<h3>Rodi\u010de ve firm\u00e1ch<\/h3>\n<ul>\n<li>Pravideln\u00e9 nebo n\u00e1razov\u00e9 <a href=\"https:\/\/www.babyoffice.cz\/deti-ve-firme\/hlidani-deti-ve-firmach\/\">hl\u00edd\u00e1n\u00ed d\u011bt\u00ed<\/a> v prostor\u00e1ch firmy.<\/li>\n<li>Akce pro rodiny zam\u011bstnanc\u016f &#8211; <a href=\"https:\/\/www.babyoffice.cz\/deti-ve-firme\/family-day\/\">Family Days<\/a>, <a href=\"https:\/\/www.babyoffice.cz\/zazitkove-eventy\/detsky-den\/\">Dny d\u011bt\u00ed<\/a> a <a href=\"https:\/\/www.babyoffice.cz\/zazitkove-eventy\/mikulasska-ve-firme\/\">Mikul\u00e1\u0161sk\u00e9<\/a>.<\/li>\n<li><a href=\"https:\/\/www.babyoffice.cz\/deti-ve-firme\/primestske-tabory-ve-firmach\/\">P\u0159\u00edm\u011bstsk\u00e9 t\u00e1bory<\/a> pro d\u011bti zam\u011bstnanc\u016f<\/li>\n<\/ul>\n<h3>Komunitn\u00ed akce pro obce, m\u011bsta \u010di obchodn\u00ed centa<\/h3>\n<p>Podobn\u011b jako pro firemn\u00ed klienty zaji\u0161\u0165ujeme akce pro d\u011bti i pro cel\u00e9 rodiny.<\/p>\n<h3>D\u011btsk\u00e9 koutky na akc\u00edch pro ve\u0159ejnost (v\u00fdstavy, veletrhy, festivaly, slavnosti apod.)<\/h3>\n<ul>\n<li>Zap\u016fj\u010den\u00ed vybaven\u00ed d\u011btsk\u00e9ho koutku dle tipu akce \u2013 hern\u00ed z\u00f3na, kojic\u00ed z\u00f3na, relaxa\u010dn\u00ed z\u00f3na<\/li>\n<li>Hl\u00edd\u00e1n\u00ed d\u011bt\u00ed od 2 let<\/li>\n<\/ul>\n","protected":false},"excerpt":{"rendered":"<p>Eventov\u00e1 agentura Baby Office je zam\u011b\u0159ena na po\u0159\u00e1d\u00e1n\u00ed skv\u011bl\u00fdch akc\u00ed pro d\u011bti a rodi\u010de. Fungujeme ji\u017e od roku 2013 a m\u00e1me za sebou tis\u00edce \u00fasp\u011b\u0161n\u00fdch akc\u00ed a stovky spokojen\u00fdch klient\u016f. Co konkr\u00e9tn\u011b d\u011bl\u00e1me? Rodi\u010de ve firm\u00e1ch Pravideln\u00e9 nebo n\u00e1razov\u00e9 hl\u00edd\u00e1n\u00ed d\u011bt\u00ed v prostor\u00e1ch firmy. Akce pro rodiny zam\u011bstnanc\u016f &#8211; Family Days, Dny d\u011bt\u00ed a Mikul\u00e1\u0161sk\u00e9. [&hellip;]<\/p>\n","protected":false},"author":1,"featured_media":0,"parent":0,"menu_order":0,"comment_status":"closed","ping_status":"closed","template":"","meta":{"_monsterinsights_skip_tracking":false,"_monsterinsights_sitenote_active":false,"_monsterinsights_sitenote_note":"","_monsterinsights_sitenote_category":0,"footnotes":""},"class_list":["post-7","page","type-page","status-publish","hentry"],"aioseo_notices":[],"_links":{"self":[{"href":"https:\/\/www.mobilnikoutky.cz\/index.php\/wp-json\/wp\/v2\/pages\/7","targetHints":{"allow":["GET"]}}],"collection":[{"href":"https:\/\/www.mobilnikoutky.cz\/index.php\/wp-json\/wp\/v2\/pages"}],"about":[{"href":"https:\/\/www.mobilnikoutky.cz\/index.php\/wp-json\/wp\/v2\/types\/page"}],"author":[{"embeddable":true,"href":"https:\/\/www.mobilnikoutky.cz\/index.php\/wp-json\/wp\/v2\/users\/1"}],"replies":[{"embeddable":true,"href":"https:\/\/www.mobilnikoutky.cz\/index.php\/wp-json\/wp\/v2\/comments?post=7"}],"version-history":[{"count":7,"href":"https:\/\/www.mobilnikoutky.cz\/index.php\/wp-json\/wp\/v2\/pages\/7\/revisions"}],"predecessor-version":[{"id":780,"href":"https:\/\/www.mobilnikoutky.cz\/index.php\/wp-json\/wp\/v2\/pages\/7\/revisions\/780"}],"wp:attachment":[{"href":"https:\/\/www.mobilnikoutky.cz\/index.php\/wp-json\/wp\/v2\/media?parent=7"}],"curies":[{"name":"wp","href":"https:\/\/api.w.org\/{rel}","templated":true}]}}